Calculate the greatest common divisor of 1258 and 805834.
34
What is the greatest common divisor of 169609752 and 7605?
1521
What is the highest common divisor of 1769 and 1723354?
29
Calculate the greatest common factor of 201392 and 433483693.
12587
Calculate the highest common divisor of 20955042 and 5736.
1434
What is the greatest common factor of 548 and 81628?
4
Calculate the greatest common factor of 2172 and 9465.
3
Calculate the highest common factor of 5220630 and 1420.
710
What is the greatest common divisor of 512283890 and 515?
515
What is the greatest common divisor of 1330690 and 10?
10
What is the greatest common factor of 63 and 18932193?
63
Calculate the greatest common factor of 522 and 1172142.
18
What is the greatest common divisor of 77 and 42014291?
11
What is the highest common factor of 19388 and 261368?
148
What is the greatest common factor of 1717318 and 1079068?
1702
Calculate the highest common divisor of 6 and 272193.
3
Calculate the highest common factor of 1188 and 1450164.
12
Calculate the highest common divisor of 132 and 1512084464.
44
Calculate the greatest common divisor of 132 and 2501708.
44
What is the highest common divisor of 128618541 and 155403?
5013
Calculate the highest common factor of 184843 and 25.
1
What is the highest common factor of 86532 and 363?
3
Calculate the greatest common divisor of 677130 and 40.
10
Calculate the highest common divisor of 693273 and 87.
3
What is the highest common factor of 4512 and 16403?
47
What is the highest common factor of 320 and 6628000?
160
What is the greatest common factor of 2242067 and 9?
1
Calculate the greatest common factor of 13900008 and 7611.
129
Calculate the greatest common factor of 13650212 and 1558.
82
Calculate the greatest common divisor of 28 and 5654187.
7
What is the greatest common factor of 1037 and 2214877487?
1037
Calculate the greatest common divisor of 140 and 6124195.
35
What is the highest common factor of 24703 and 8049649?
3529
What is the greatest common factor of 257191 and 1024232?
1133
Calculate the greatest common divisor of 1044267 and 25809.
21
What is the greatest common factor of 739426 and 65529?
809
Calculate the greatest common factor of 428478 and 258.
6
What is the greatest common divisor of 1140227254 and 184?
46
What is the greatest common divisor of 1275 and 13743150?
75
What is the highest common factor of 737970 and 546465?
255
Calculate the greatest common divisor of 3208 and 345203256.
3208
What is the highest common divisor of 254375 and 1420800?
925
Calculate the highest common factor of 31901 and 12711.
19
Calculate the greatest common factor of 205704880 and 30.
10
What is the highest common divisor of 1314698 and 700?
14
Calculate the greatest common factor of 18 and 438462.
18
What is the highest common factor of 854085 and 473709?
1761
What is the highest common factor of 1859997 and 18?
3
What is the greatest common divisor of 41814 and 912502?
46
Calculate the highest common divisor of 182441 and 10802141.
2723
What is the greatest common divisor of 871805730 and 34?
34
Calculate the highest common divisor of 34146 and 2428702.
542
Calculate the greatest common divisor of 2674431 and 9.
9
Calculate the highest common factor of 68262665 and 19347.
6449
Calculate the greatest common divisor of 325 and 368325.
25
Calculate the greatest common divisor of 698049 and 9801.
1089
What is the greatest common factor of 15323 and 5698?
77
Calculate the greatest common factor of 1314 and 94366735.
73
What is the highest common factor of 610363 and 11687?
377
Calculate the greatest common factor of 870 and 1328867.
29
What is the highest common factor of 2091 and 887199?
123
Calculate the highest common factor of 169191 and 35442.
99
Calculate the greatest common factor of 230555372 and 85022.
12146
Calculate the highest common divisor of 69001 and 122.
1
What is the greatest common factor of 682 and 38845697?
341
Calculate the highest common factor of 10651892 and 8.
4
Calculate the greatest common factor of 20774 and 23271674.
1598
Calculate the greatest common divisor of 163039558 and 11.
11
Calculate the highest common divisor of 1000 and 61442850.
50
What is the highest common factor of 93459548 and 91?
91
What is the greatest common divisor of 100321402 and 894?
298
Calculate the highest common divisor of 1863251 and 68.
17
Calculate the highest common factor of 22562 and 412729.
389
Calculate the greatest common factor of 2404 and 23874124.
2404
Calculate the highest common factor of 57224847 and 6.
3
Calculate the greatest common factor of 44 and 17483345.
11
What is the highest common divisor of 372183035 and 9285?
3095
What is the highest common divisor of 850 and 129207310?
170
Calculate the highest common divisor of 5725448 and 6.
2
What is the greatest common divisor of 3716 and 39147131?
929
Calculate the highest common divisor of 48 and 104113488.
48
Calculate the greatest common divisor of 531 and 100730936.
59
Calculate the highest common divisor of 6448 and 1895062.
26
What is the greatest common divisor of 11058697 and 215?
43
What is the highest common divisor of 27 and 2391675?
3
What is the greatest common factor of 1872694 and 6316?
3158
What is the greatest common divisor of 1126 and 1144950017?
563
Calculate the highest common divisor of 11359824 and 120.
24
Calculate the highest common divisor of 80408 and 944015.
19
Calculate the greatest common factor of 6 and 4102482.
6
What is the greatest common factor of 27088 and 239166724?
6772
Calculate the highest common factor of 184643404 and 1510.
302
What is the highest common divisor of 24087 and 30511347?
3441
What is the highest common factor of 22755 and 1532580?
615
What is the highest common factor of 158 and 33404?
2
Calculate the highest common factor of 11124 and 122827500.
3708
What is the greatest common factor of 44243022 and 1492?
746
Calculate the highest common divisor of 554937 and 1554205.
1907
What is the highest common divisor of 17682192 and 317871?
1647
What is the highest common factor of 35782651 and 4747?
47
What is the greatest common factor of 7065 and 3227135?
785
Calculate the highest common factor of 28625379 and 291.
291
Calculate the greatest common factor of 56059958 and 18241.
1073
Calculate the highest common factor of 1080 and 3819006.
18
Calculate the highest common factor of 11730 and 1281766.
34
Calculate the greatest common factor of 131123 and 19711.
23
What is the highest common factor of 200175 and 23325?
75
What is the highest common divisor of 9 and 12708849?
3
What is the highest common divisor of 45 and 11943120?
15
Calculate the highest common factor of 16297 and 292209.
379
Calculate the greatest common divisor of 52 and 30189718.
26
What is the greatest common divisor of 1078584 and 687943?
3457
Calculate the highest common divisor of 66566 and 1082299.
401
What is the highest common divisor of 15216 and 4715058?
1902
Calculate the greatest common factor of 2383885 and 245.
35
Calculate the greatest common divisor of 21696 and 4060896.
96
Calculate the highest common divisor of 5160 and 98187060.
2580
Calculate the highest common divisor of 380020540 and 20.
20
Calculate the highest common divisor of 30742 and 179170.
38
What is the highest common factor of 679945088 and 16?
16
What is the highest common divisor of 84138777 and 1998?
999
Calculate the greatest common divisor of 6368093 and 33217.
563
What is the greatest common factor of 70 and 2226112?
14
Calculate the greatest common factor of 1348 and 76316.
4
What is the greatest common divisor of 2281692 and 6972?
84
What is the highest common factor of 39328 and 8384238?
2458
Calculate the greatest common factor of 2912 and 21455018.
26
Calculate the highest common factor of 287 and 18394523.
7
What is the greatest common divisor of 20530608 and 2784?
1392
What is the highest common factor of 593084456 and 5368?
488
Calculate the highest common factor of 448 and 296688.
112
What is the highest common divisor of 2918 and 222243634?
2918
Calculate the highest common factor of 404268 and 1754112.
6852
What is the greatest common divisor of 2192965 and 342935?
535
Calculate the highest common factor of 56 and 24564582.
14
Calculate 